20 = 5*b, -2*h + 3 + z = -4*b. What is the remainder when x is divided by h?
7
Suppose 0*f + 4 = 4*f. Let y(k) = 2*k**3 - 2*k**2 + 1. Calculate the remainder when 3 is divided by y(f).
0
Let u = 0 - -36. What is the remainder when u is divided by 32?
4
Let b(j) = 14*j + 61. Let k(c) = -8*c + 5. What is the remainder when k(-11) is divided by b(-3)?
17
What is the remainder when 9/(1/(-2) - -2) is divided by 5 - -7 - (15 + -5)?
0
Suppose 0*j - j = -9. Let t = 9347 + -9314. Calculate the remainder when t is divided by j.
6
Let t(k) = k**3 + 6*k**2 - 6*k - 6. Let f be t(-7). Let s = f + 30. Suppose -w = v - s, 2*v - 13 = -w - 0*v. Calculate the remainder when w is divided by 12.
9
Suppose -5*y - 5*k = -2610, -4*y + 2088 = -3*k - k. Suppose -741 = -21*w - 36*w. Calculate the remainder when y/14 + (-4)/14 is divided by w.
11
Let m = 1786 - 1480. What is the remainder when m is divided by 96?
18
Suppose 282 = 3*a + 5*w - 45, 0 = 2*a - w - 244. What is the remainder when a is divided by -1 + 0 + 1 - -30?
29
Let j = -44 - -63. Let o = 124 + -69. What is the remainder when o is divided by j?
17
Suppose -433 = 4*q - 7*q - 2*h, 0 = 4*q - 5*h - 539. Calculate the remainder when q is divided by 37.
30
Suppose 0*w = -5*w + 20. Suppose -3 + 11 = -4*s. What is the remainder when s + ((-9)/24 - (-428)/32) is divided by w?
3
Suppose 1660*a = 1692*a - 4416. What is the remainder when a is divided by 31?
14
Let c = -197 - -427. What is the remainder when c is divided by 49?
34
Let h = -11 - -8. Let g(y) = 7*y - 16. Let b(z) = -6*z + 17. Let m(t) = h*g(t) - 4*b(t). Calculate the remainder when 15 is divided by m(8).
3
Let j = -64 + 117. Let p = -80 + 99. Calculate the remainder when j is divided by p.
15
Let l(p) = -p**3 - 3*p**2 + p - 12. Let x be l(-5). Suppose -a = 2*a - x. What is the remainder when a is divided by 6?
5
What is the remainder when (-8)/(-28) + 5/((-245)/(-22281)) is divided by 119?
98
Suppose 0*b - 5*b = -f - 6, f - 4*b + 2 = 0. Suppose -p - 3 = 0, j + 2*p = 5*p + 12. Calculate the remainder when (j/(-4))/(48/(-1664)) is divided by f.
12
Calculate the remainder when 53*4/(-10)*-5 is divided by 7.
1
Suppose -32 = z + 39. Let q = -38 - z. Suppose -m = -q - 3. Calculate the remainder when 106 is divided by m.
34
Suppose 18 = 4*w - w. Let j = 58 + -48. Calculate the remainder when j is divided by w.
4
Let q(r) = 7*r**2 - r + r - 5*r + r - 14. Calculate the remainder when q(-4) is divided by 39.
36
Suppose 136 = 8*r - 408. What is the remainder when 129 is divided by r?
61
Let m = 7 - -8. Suppose 249 = 4*g - 151. Suppose 3*j - g = -13. Calculate the remainder when j is divided by m.
14
Let w = -39 - 6. Let r = 3 - w. Calculate the remainder when r is divided by 10.
8
Let h(p) = -7*p**3 + p**2 + 30*p + 138. What is the remainder when h(-4) is divided by 21?
20
Suppose 8*a - 388 = 4*a. Calculate the remainder when a is divided by 5.
2
Let a = 12 + 13. What is the remainder when 56/196*861/6 is divided by a?
16
Let q be (6/18)/((-2)/(-78)). Let j = 17 - q. Suppose 0 = 5*t - 3*t - r - 19, j*t + 4*r = 68. Calculate the remainder when 46 is divided by t.
10
Let j(d) = 2*d**3 + 4*d**2 - 2. Suppose -h = -5*h + 72. Calculate the remainder when j(3) is divided by h.
16
Suppose t - 208 = 3*l, 0*l = l + 4*t + 65. Let w = 132 + l. Let s = -42 + w. What is the remainder when 40 is divided by s?
19
Let c = -54 - -54. Suppose 2*k - 9 - 19 = 5*r, c = -5*k - 3*r + 132. What is the remainder when k is divided by 13?
11
Suppose -2*b + 3*f = -1, -5*b + 4*f + 24 - 4 = 0. Let z = -4 - -4. Let r = b - z. What is the remainder when 55 is divided by r?
7
Suppose -376 = -4*q - 4*f, -2*f - 287 = -2*q - q. What is the remainder when 276 is divided by q?
86
Suppose -15 = w + 4*w, -3*b + 33 = 4*w. Calculate the remainder when ((-6)/6)/(3/(-129)*1) is divided by b.
13
Let j(p) = 22*p + 6. Let g be j(-2). Let l = 47 + g. What is the remainder when 60 is divided by l?
6
Let t(g) = 7*g**2 + 6*g + 39. Calculate the remainder when t(6) is divided by 55.
52
Suppose -9*i = -151 - 92. Let k = i + -14. Calculate the remainder when k is divided by 7.
6
Let k = -117 - -172. Suppose k*l - 50*l = 85. Calculate the remainder when 100 is divided by l.
15
Suppose n + 55 = 6*n. What is the remainder when 23 is divided by n?
1
Let s be -1*0*(-4)/20. Suppose d - 2*i = -d + 30, s = 4*d + 3*i - 25. What is the remainder when d is divided by 6?
4
Suppose 0*g - u - 25 = -4*g, 0 = 3*g - u - 19. Calculate the remainder when 17 is divided by g.
5
Let x = 34 + -35. Let h = 113 + -74. Calculate the remainder when h is divided by x - -1*24 - 2.
18
Calculate the remainder when (-1128)/(5 - 1)*(-30)/45 is divided by 39.
32
Suppose 2*s - 4*h + 279 = 7*s, s + 5*h = 60. What is the remainder when s is divided by 7?
6
What is the remainder when 23 is divided by (-3)/(14/(-49) + 6/70)?
8
Let k(q) = 3*q. Let s(j) = 2*j**2 + 7*j - 6. Let o = 41 + -48. What is the remainder when s(o) is divided by k(3)?
7
Suppose -4*r + 260 = 3*p, 13*r = 9*r + 2*p + 240. Calculate the remainder when r is divided by 14.
6
Suppose -7*t - 350 = -5*o - 3*t, -4*o = -4*t - 284. Suppose -264*q + 1433 - 17349 = -956*q. What is the remainder when o is divided by q?
20
Suppose -a - 31*u + 23 = -26*u, -a + 14 = 2*u. What is the remainder when 101 is divided by a?
5
Suppose 3*c = -4*z + 140, 12*c - 14*c = -5*z + 152. What is the remainder when 252 is divided by z?
28
Suppose 6*h - 7*h = 0. Suppose h = 11*m - 3*m - 176. Calculate the remainder when m is divided by 12.
10
Let y(s) = 2*s**3 - 7*s**2 + s - 7. Let k be (2/(-4))/((-5)/10). What is the remainder when y(5) is divided by ((-50)/4)/(k/(-2))?
23
Calculate the remainder when -35 + 106 - (-1)/(2/14) is divided by 25.
3
Suppose -20 = -3*n - 5, 4*u = n + 947. Calculate the remainder when u is divided by 30.
28
Let o be -38*((-16)/4)/8. Let u be (o/1)/((-4)/(-44)). Let j = u + -146. Calculate the remainder when j is divided by 33.
30
Let p(l) = -l**3 - 16*l**2 - 30*l + 34. What is the remainder when 370 is divided by p(-14)?
60
Calculate the remainder when -6 + ((-9)/(-12) - 365/(-20)) is divided by 2.
1
What is the remainder when ((-55)/20)/(-11)*20 - -276 is divided by 26?
21
Let o = 267 + -201. Calculate the remainder when o is divided by 19.
9
Suppose -3*t + 2088 = 15*t. What is the remainder when t is divided by 17?
14
What is the remainder when 99 is divided by 132/9*9/(-6)*-1?
11
Suppose 67*l - 52 = 65*l. Calculate the remainder when 144 is divided by l.
14
Suppose 0 = -3*x - 2*x + 90. What is the remainder when (-1 - -112 - 4)*1 is divided by x?
17
Let i(m) = -m**3 + 4*m**2 - 2*m - 20. What is the remainder when i(-4) is divided by 73?
43
Let p(y) = y**3 - 7*y**2 + y - 6. Suppose -3*o + x = -26, 20 = 2*o + 3*o + 3*x. What is the remainder when 2 is divided by p(o)?
0
Let g(c) = -12*c - 26 + 25*c + 15*c**2 - 23*c - c**3. What is the remainder when g(14) is divided by 16?
14
Suppose -22*n + 28*n = 822. Calculate the remainder when n is divided by 23.
22
Suppose -3*p - 7 + 4 = 2*v, 4*p + 4 = -v. Let z(g) = -1 + 47*g**2 - g + 3*g**2 - g - 1. What is the remainder when z(p) is divided by 18?
14
Let k(r) = -5 - 6*r**3 - r + 0*r**2 + 6*r**2 + 7*r**3. Let u be k(-3). Suppose 0 = -3*a + u + 47. Calculate the remainder when 71 is divided by a.
23
Suppose 3*h + 165 = 3*n, 6*n - 10*n - h + 240 = 0. What is the remainder when n is divided by 21?
17
Let g be (-4)/(-4)*(69 + -4). Let u = 74 - g. Calculate the remainder when 34 is divided by u.
7
Suppose 0 = -3*d - 2*y - 2*y + 107, -42 = -d + 5*y. What is the remainder when 664 is divided by d?
35
Let w(q) = 6*q**2 - 6*q - 13. What is the remainder when w(7) is divided by 62?
53
Let g = 11 - -6. What is the remainder when g is divided by 30/4*(-12)/(-10)?
8
Let l(r) = r + 3. Calculate the remainder when l(6) is divided by 9.
0
Let u(k) = k**3 + 8*k**2. Let q be u(-5). Suppose -3*j + 4*h + 170 = 0, 3*j - 5*h = 2*j + q. What is the remainder when j is divided by 13?
11
Let u(c) = -c**2 + 18*c - 20. Suppose v = -m + 13 - 2, 15 = -3*v. What is the remainder when 34 is divided by u(m)?
10
Let g = 193 + -140. Let w be ((-13)/4)/((-1)/4). Let x = w - -5. What is the remainder when g is divided by x?
17
Let m = 263 - 126. Calculate the remainder when m is d